{"id":1762,"date":"2021-01-07T17:26:46","date_gmt":"2021-01-07T17:26:46","guid":{"rendered":"http:\/\/fernandazanchetta.com\/periodica\/?page_id=1762"},"modified":"2025-02-25T21:59:30","modified_gmt":"2025-02-25T21:59:30","slug":"somos_ortiga","status":"publish","type":"page","link":"https:\/\/laperiodica.net\/la_ortiga\/somos_ortiga\/","title":{"rendered":"Somos"},"content":{"rendered":"<h1>\u00bfQu\u00e9 es <span class=\"uk-text-success\">La Ortiga?<\/span><\/h1>\n<div>\n<p>    <img decoding=\"async\" src=\"\/la_ortiga\/wp-content\/uploads\/2021\/01\/Artboard-7-copy-2.png\" alt=\"\"><\/p>\n<div>\n<p>Es una <b>Escuela de Comunicaci\u00f3n Feminista<\/b> impulsada por la revista digital feminista <a href=\"https:\/\/laperiodica.net\/\" data-wplink-url-error=\"true\"><i>La Peri\u00f3dica<\/i>.  <\/a> Creemos que la comunicaci\u00f3n es un derecho y que es necesario dialogar desde todos los \u00e1mbitos del conocimiento para generar estrategias que potencialicen el periodismo feminista en el Ecuador.<\/p>\n<p>La Escuela es un espacio de formaci\u00f3n, creado con la finalidad de fortalecer el periodismo y la comunicaci\u00f3n feminista en el pa\u00eds. <\/p>\n<\/div>\n<\/div>\n<h1>\u00bfC\u00f3mo nace <span class=\"uk-text-success\">La Ortiga?<\/span><\/h1>\n<div>\n<p>    <img decoding=\"async\" src=\"\/la_ortiga\/wp-content\/uploads\/2021\/01\/Artboard-7-copy.png\" alt=\"\"><\/p>\n<div>\n<p>Nace de la necesidad de fortalecer el oficio de la comunicaci\u00f3n dentro de las organizaciones de defensa de los derechos de las mujeres y personas LGBTIQ+, en colaboraci\u00f3n con el trabajo de la revista.<\/p>\n<\/div>\n<\/div>\n<h1>\u00bfQui\u00e9n hace <span class=\"uk-text-success\">La Ortiga?<\/span>  <\/h1>\n<div>\n<p>    <img decoding=\"async\" src=\"\/la_ortiga\/wp-content\/uploads\/2021\/01\/Artboard-7-copy-2.png\" alt=\"\"><\/p>\n<div>\n<p>Somos mujeres, mujeres lesbianas, personas trans y no binarias que, desde el periodismo, la comunicaci\u00f3n, la producci\u00f3n y la academia, nos unimos en la revista digital feminista La Peri\u00f3dica para denunciar y visibilizar la vulneraci\u00f3n de derechos a las mujeres, ni\u00f1as, y personas LGBTIQ+, y narrar la realidad desde una perspectiva feminista cr\u00edtica. Creemos que el ejercicio de la comunicaci\u00f3n es un derecho, y es por ello que apostamos a fortalecer las herramientas de este oficio para que abonen a la democratizaci\u00f3n de los medios de comunicaci\u00f3n desde una perspectiva y un enfoque feminista.\n <\/p>\n<\/div>\n<\/div>\n<h1>\u00bfPor qu\u00e9 <span class=\"uk-text-success\">La Ortiga?<\/span> <\/h1>\n<div>\n<p>    <img decoding=\"async\" src=\"\/la_ortiga\/wp-content\/uploads\/2021\/01\/Artboard-7-copy.png\" alt=\"\"><\/p>\n<div>\n<p>Nuestras experiencias son diversas. Hemos tomado a La Ortiga como una planta de fortaleza y sanaci\u00f3n. Asociamos a La Ortiga con la historia de defensa de las mujeres, pues tiene que ver con otras formas de hacer justicia que no est\u00e1n atravesadas por el Estado y la justicia punitiva. El oficio de la comunicaci\u00f3n y el periodismo son quienes apuntalan la verdad inc\u00f3moda (y urtique) y no solo informan sino que son el canal que restituye (sanaci\u00f3n) la confianza.<\/p>\n<\/div>\n<\/div>\n<p><!-- {\"name\":\"Somos\",\"type\":\"layout\",\"children\":[{\"type\":\"section\",\"props\":{\"style\":\"default\",\"width\":\"default\",\"vertical_align\":\"middle\",\"title_position\":\"top-left\",\"title_rotation\":\"left\",\"title_breakpoint\":\"xl\",\"image_position\":\"center-center\",\"id\":\"orquelaortiga\"},\"children\":[{\"type\":\"row\",\"children\":[{\"type\":\"column\",\"props\":{\"image_position\":\"center-center\",\"media_overlay_gradient\":\"\",\"width_medium\":\"1-3\"},\"children\":[{\"type\":\"headline\",\"props\":{\"title_element\":\"h1\",\"position\":\"relative\",\"position_z_index\":\"1\",\"maxwidth\":\"2xlarge\",\"block_align\":\"center\",\"text_align\":\"center\",\"content\":\"\\u00bfQu\\u00e9 es <span class=\\\"uk-text-success\\\">La Ortiga?<\\\/span>\",\"title_style\":\"heading-medium\"},\"modified\":\"2021-01-06T18:50:06.538Z\",\"name\":\"Heading Ortiga\"}]},{\"type\":\"column\",\"props\":{\"image_position\":\"center-center\",\"media_overlay_gradient\":\"\",\"width_medium\":\"2-3\"},\"children\":[{\"type\":\"grid\",\"props\":{\"show_title\":true,\"show_meta\":true,\"show_content\":true,\"show_image\":true,\"show_link\":true,\"grid_default\":\"1\",\"grid_medium\":\"1\",\"filter_style\":\"tab\",\"filter_all\":true,\"filter_position\":\"top\",\"filter_align\":\"left\",\"filter_grid_width\":\"auto\",\"filter_grid_breakpoint\":\"m\",\"title_hover_style\":\"reset\",\"title_element\":\"h3\",\"title_align\":\"top\",\"title_grid_width\":\"1-2\",\"title_grid_breakpoint\":\"m\",\"meta_style\":\"meta\",\"meta_align\":\"below-title\",\"meta_element\":\"div\",\"content_column_breakpoint\":\"m\",\"icon_width\":80,\"image_align\":\"left\",\"image_grid_width\":\"auto\",\"image_grid_breakpoint\":\"m\",\"image_svg_color\":\"emphasis\",\"link_text\":\"Read more\",\"link_style\":\"default\",\"margin\":\"default\",\"item_animation\":\"\",\"grid_small\":\"1\",\"grid_large\":\"1\",\"grid_xlarge\":\"1\",\"content_style\":\"lead\",\"image_width\":\"20%\",\"image_height\":\"20%\",\"text_align\":\"left\",\"text_align_breakpoint\":\"m\",\"text_align_fallback\":\"center\"},\"children\":[{\"type\":\"grid_item\",\"props\":{\"content\":\"\n\n<p>Es una <b>Escuela de Comunicaci\\u00f3n Feminista<\\\/b> impulsada por la revista digital feminista <a href=\\\"https:\\\/\\\/laperiodica.net\\\/\\\" data-wplink-url-error=\\\"true\\\"><i>La Peri\\u00f3dica<\\\/i>.  <\\\/a> Creemos que la comunicaci\\u00f3n es un derecho y que es necesario dialogar desde todos los \\u00e1mbitos del conocimiento para generar estrategias que potencialicen el periodismo feminista en el Ecuador.\\n\\nLa Escuela es un espacio de formaci\\u00f3n, creado con la finalidad de fortalecer el periodismo y la comunicaci\\u00f3n feminista en el pa\\u00eds. <\\\/p>\",\"image\":\"wp-content\\\/uploads\\\/2021\\\/01\\\/Artboard-7-copy-2.png\"}}],\"modified\":\"2021-01-06T18:46:07.476Z\",\"name\":\"Grid Ortiga\"}]}],\"props\":{\"layout\":\"1-3,2-3\"}}],\"name\":\"Por qu\\u00e9 la Ortiga\"},{\"type\":\"section\",\"props\":{\"style\":\"default\",\"width\":\"default\",\"vertical_align\":\"middle\",\"title_position\":\"top-left\",\"title_rotation\":\"left\",\"title_breakpoint\":\"xl\",\"image_position\":\"center-center\",\"id\":\"comonacelaortiga\"},\"children\":[{\"type\":\"row\",\"children\":[{\"type\":\"column\",\"props\":{\"image_position\":\"center-center\",\"media_overlay_gradient\":\"\",\"width_medium\":\"2-3\"},\"children\":[{\"type\":\"headline\",\"props\":{\"title_element\":\"h1\",\"position\":\"relative\",\"position_z_index\":\"1\",\"maxwidth\":\"2xlarge\",\"block_align\":\"center\",\"text_align\":\"center\",\"content\":\"\\u00bfC\\u00f3mo nace <span class=\\\"uk-text-success\\\">La Ortiga?<\\\/span>\",\"title_style\":\"heading-medium\"},\"modified\":\"2021-01-06T18:50:06.538Z\",\"name\":\"Heading Ortiga\"},{\"type\":\"grid\",\"props\":{\"show_title\":true,\"show_meta\":true,\"show_content\":true,\"show_image\":true,\"show_link\":true,\"grid_default\":\"1\",\"grid_medium\":\"1\",\"filter_style\":\"tab\",\"filter_all\":true,\"filter_position\":\"top\",\"filter_align\":\"left\",\"filter_grid_width\":\"auto\",\"filter_grid_breakpoint\":\"m\",\"title_hover_style\":\"reset\",\"title_element\":\"h3\",\"title_align\":\"top\",\"title_grid_width\":\"1-2\",\"title_grid_breakpoint\":\"m\",\"meta_style\":\"meta\",\"meta_align\":\"below-title\",\"meta_element\":\"div\",\"content_column_breakpoint\":\"m\",\"icon_width\":80,\"image_align\":\"right\",\"image_grid_width\":\"auto\",\"image_grid_breakpoint\":\"m\",\"image_svg_color\":\"emphasis\",\"link_text\":\"Read more\",\"link_style\":\"default\",\"margin\":\"default\",\"item_animation\":\"\",\"grid_small\":\"1\",\"grid_large\":\"1\",\"grid_xlarge\":\"1\",\"content_style\":\"lead\",\"image_width\":\"20%\",\"image_height\":\"20%\",\"text_align\":\"left\",\"text_align_breakpoint\":\"m\",\"text_align_fallback\":\"center\"},\"children\":[{\"type\":\"grid_item\",\"props\":{\"content\":\"\n\n<p>Nace de la necesidad de fortalecer el oficio de la comunicaci\\u00f3n dentro de las organizaciones de defensa de los derechos de las mujeres y personas LGBTIQ+, en colaboraci\\u00f3n con el trabajo de la revista.<\\\/p>\",\"image\":\"wp-content\\\/uploads\\\/2021\\\/01\\\/Artboard-7-copy.png\"}}],\"modified\":\"2021-01-06T18:46:07.476Z\",\"name\":\"Grid Ortiga\"}]},{\"type\":\"column\",\"props\":{\"image_position\":\"center-center\",\"media_overlay_gradient\":\"\",\"width_medium\":\"1-3\"},\"children\":[]}],\"props\":{\"layout\":\"2-3,1-3\"}}],\"name\":\"C\\u00f3mo nace la Ortiga\"},{\"type\":\"section\",\"props\":{\"style\":\"default\",\"width\":\"default\",\"vertical_align\":\"middle\",\"title_position\":\"top-left\",\"title_rotation\":\"left\",\"title_breakpoint\":\"xl\",\"image_position\":\"center-center\",\"id\":\"quienhacelaortiga\"},\"children\":[{\"type\":\"row\",\"children\":[{\"type\":\"column\",\"props\":{\"image_position\":\"center-center\",\"media_overlay_gradient\":\"\",\"width_medium\":\"1-3\"},\"children\":[{\"type\":\"headline\",\"props\":{\"title_element\":\"h1\",\"position\":\"relative\",\"position_z_index\":\"1\",\"maxwidth\":\"2xlarge\",\"block_align\":\"center\",\"text_align\":\"center\",\"content\":\"\\u00bfQui\\u00e9n hace <span class=\\\"uk-text-success\\\">La Ortiga?<\\\/span>  \",\"title_style\":\"heading-medium\"},\"modified\":\"2021-01-06T18:50:06.538Z\",\"name\":\"Heading Ortiga\"}]},{\"type\":\"column\",\"props\":{\"image_position\":\"center-center\",\"media_overlay_gradient\":\"\",\"width_medium\":\"2-3\"},\"children\":[{\"type\":\"grid\",\"props\":{\"show_title\":true,\"show_meta\":true,\"show_content\":true,\"show_image\":true,\"show_link\":true,\"grid_default\":\"1\",\"grid_medium\":\"1\",\"filter_style\":\"tab\",\"filter_all\":true,\"filter_position\":\"top\",\"filter_align\":\"left\",\"filter_grid_width\":\"auto\",\"filter_grid_breakpoint\":\"m\",\"title_hover_style\":\"reset\",\"title_element\":\"h3\",\"title_align\":\"top\",\"title_grid_width\":\"1-2\",\"title_grid_breakpoint\":\"m\",\"meta_style\":\"meta\",\"meta_align\":\"below-title\",\"meta_element\":\"div\",\"content_column_breakpoint\":\"m\",\"icon_width\":80,\"image_align\":\"left\",\"image_grid_width\":\"auto\",\"image_grid_breakpoint\":\"m\",\"image_svg_color\":\"emphasis\",\"link_text\":\"Read more\",\"link_style\":\"default\",\"margin\":\"default\",\"item_animation\":\"\",\"grid_small\":\"1\",\"grid_large\":\"1\",\"grid_xlarge\":\"1\",\"content_style\":\"lead\",\"image_width\":\"20%\",\"image_height\":\"20%\",\"text_align\":\"left\",\"text_align_breakpoint\":\"m\",\"text_align_fallback\":\"center\"},\"children\":[{\"type\":\"grid_item\",\"props\":{\"content\":\"\n\n<p>Somos mujeres, mujeres lesbianas, personas trans y no binarias que, desde el periodismo, la comunicaci\\u00f3n, la producci\\u00f3n y la academia, nos unimos en la revista digital feminista La Peri\\u00f3dica para denunciar y visibilizar la vulneraci\\u00f3n de derechos a las mujeres, ni\\u00f1as, y personas LGBTIQ+, y narrar la realidad desde una perspectiva feminista cr\\u00edtica. Creemos que el ejercicio de la comunicaci\\u00f3n es un derecho, y es por ello que apostamos a fortalecer las herramientas de este oficio para que abonen a la democratizaci\\u00f3n de los medios de comunicaci\\u00f3n desde una perspectiva y un enfoque feminista.\\n <\\\/p>\",\"image\":\"wp-content\\\/uploads\\\/2021\\\/01\\\/Artboard-7-copy-2.png\"}}],\"modified\":\"2021-01-06T18:46:07.476Z\",\"name\":\"Grid Ortiga\"}]}],\"props\":{\"layout\":\"1-3,2-3\"}}],\"name\":\"Qui\\u00e9n hace la Ortiga\"},{\"type\":\"section\",\"props\":{\"style\":\"default\",\"width\":\"default\",\"vertical_align\":\"middle\",\"title_position\":\"top-left\",\"title_rotation\":\"left\",\"title_breakpoint\":\"xl\",\"image_position\":\"center-center\",\"id\":\"porquelaortiga\"},\"children\":[{\"type\":\"row\",\"children\":[{\"type\":\"column\",\"props\":{\"image_position\":\"center-center\",\"media_overlay_gradient\":\"\",\"width_medium\":\"2-3\"},\"children\":[{\"type\":\"headline\",\"props\":{\"title_element\":\"h1\",\"position\":\"relative\",\"position_z_index\":\"1\",\"maxwidth\":\"2xlarge\",\"block_align\":\"center\",\"text_align\":\"center\",\"content\":\"\\u00bfPor qu\\u00e9 <span class=\\\"uk-text-success\\\">La Ortiga?<\\\/span> \",\"title_style\":\"heading-medium\"},\"modified\":\"2021-01-06T18:50:06.538Z\",\"name\":\"Heading Ortiga\"},{\"type\":\"grid\",\"props\":{\"show_title\":true,\"show_meta\":true,\"show_content\":true,\"show_image\":true,\"show_link\":true,\"grid_default\":\"1\",\"grid_medium\":\"1\",\"filter_style\":\"tab\",\"filter_all\":true,\"filter_position\":\"top\",\"filter_align\":\"left\",\"filter_grid_width\":\"auto\",\"filter_grid_breakpoint\":\"m\",\"title_hover_style\":\"reset\",\"title_element\":\"h3\",\"title_align\":\"top\",\"title_grid_width\":\"1-2\",\"title_grid_breakpoint\":\"m\",\"meta_style\":\"meta\",\"meta_align\":\"below-title\",\"meta_element\":\"div\",\"content_column_breakpoint\":\"m\",\"icon_width\":80,\"image_align\":\"right\",\"image_grid_width\":\"auto\",\"image_grid_breakpoint\":\"m\",\"image_svg_color\":\"emphasis\",\"link_text\":\"Read more\",\"link_style\":\"default\",\"margin\":\"default\",\"item_animation\":\"\",\"grid_small\":\"1\",\"grid_large\":\"1\",\"grid_xlarge\":\"1\",\"content_style\":\"lead\",\"image_width\":\"20%\",\"image_height\":\"20%\",\"text_align\":\"left\",\"text_align_breakpoint\":\"m\",\"text_align_fallback\":\"center\"},\"children\":[{\"type\":\"grid_item\",\"props\":{\"content\":\"\n\n<p>Nuestras experiencias son diversas. Hemos tomado a La Ortiga como una planta de fortaleza y sanaci\\u00f3n. Asociamos a La Ortiga con la historia de defensa de las mujeres, pues tiene que ver con otras formas de hacer justicia que no est\\u00e1n atravesadas por el Estado y la justicia punitiva. El oficio de la comunicaci\\u00f3n y el periodismo son quienes apuntalan la verdad inc\\u00f3moda (y urtique) y no solo informan sino que son el canal que restituye (sanaci\\u00f3n) la confianza.<\\\/p>\",\"image\":\"wp-content\\\/uploads\\\/2021\\\/01\\\/Artboard-7-copy.png\"}}],\"modified\":\"2021-01-06T18:46:07.476Z\",\"name\":\"Grid Ortiga\"}]},{\"type\":\"column\",\"props\":{\"image_position\":\"center-center\",\"media_overlay_gradient\":\"\",\"width_medium\":\"1-3\"},\"children\":[]}],\"props\":{\"layout\":\"2-3,1-3\"}}],\"name\":\"Por qu\\u00e9 la Ortiga\"}],\"version\":\"2.3.25\"} --><\/p>\n","protected":false},"excerpt":{"rendered":"<p>\u00bfQu\u00e9 es La Ortiga? Es una Escuela de Comunicaci\u00f3n Feminista impulsada por la revista digital feminista La Peri\u00f3dica. Creemos que la comunicaci\u00f3n es un derecho y que es necesario dialogar desde todos los \u00e1mbitos del conocimiento para generar estrategias que potencialicen el periodismo feminista en el Ecuador. La Escuela es un espacio de formaci\u00f3n, creado [&hellip;]<\/p>\n","protected":false},"author":13,"featured_media":0,"parent":0,"menu_order":0,"comment_status":"closed","ping_status":"closed","template":"","meta":{"_acf_changed":false,"footnotes":""},"class_list":["post-1762","page","type-page","status-publish","hentry"],"acf":[],"_links":{"self":[{"href":"https:\/\/laperiodica.net\/la_ortiga\/wp-json\/wp\/v2\/pages\/1762","targetHints":{"allow":["GET"]}}],"collection":[{"href":"https:\/\/laperiodica.net\/la_ortiga\/wp-json\/wp\/v2\/pages"}],"about":[{"href":"https:\/\/laperiodica.net\/la_ortiga\/wp-json\/wp\/v2\/types\/page"}],"author":[{"embeddable":true,"href":"https:\/\/laperiodica.net\/la_ortiga\/wp-json\/wp\/v2\/users\/13"}],"replies":[{"embeddable":true,"href":"https:\/\/laperiodica.net\/la_ortiga\/wp-json\/wp\/v2\/comments?post=1762"}],"version-history":[{"count":8,"href":"https:\/\/laperiodica.net\/la_ortiga\/wp-json\/wp\/v2\/pages\/1762\/revisions"}],"predecessor-version":[{"id":2812,"href":"https:\/\/laperiodica.net\/la_ortiga\/wp-json\/wp\/v2\/pages\/1762\/revisions\/2812"}],"wp:attachment":[{"href":"https:\/\/laperiodica.net\/la_ortiga\/wp-json\/wp\/v2\/media?parent=1762"}],"curies":[{"name":"wp","href":"https:\/\/api.w.org\/{rel}","templated":true}]}}